 of 2082346?
4
What is the hundred thousands digit of 9204871?
2
What is the tens digit of 941326?
2
What is the tens digit of 16276283?
8
What is the hundreds digit of 828609?
6
What is the hundreds digit of 87584?
5
What is the ten thousands digit of 646313?
4
What is the ten thousands digit of 6237014?
3
What is the units digit of 4115543?
3
What is the ten millions digit of 10222704?
1
What is the thousands digit of 112242?
2
What is the millions digit of 1111258?
1
What is the ten thousands digit of 4467997?
6
What is the thousands digit of 443777?
3
What is the units digit of 778715?
5
What is the millions digit of 3493886?
3
What is the thousands digit of 64034?
4
What is the hundred thousands digit of 2466329?
4
What is the tens digit of 3557827?
2
What is the hundreds digit of 14750268?
2
What is the millions digit of 2917098?
2
What is the hundred thousands digit of 35034390?
0
What is the millions digit of 4841599?
4
What is the units digit of 310298?
8
What is the tens digit of 4398770?
7
What is the hundred thousands digit of 2485898?
4
What is the units digit of 146011?
1
What is the units digit of 23712437?
7
What is the units digit of 6186055?
5
What is the thousands digit of 432578?
2
What is the hundred thousands digit of 382375?
3
What is the units digit of 20200481?
1
What is the units digit of 180583?
3
What is the tens digit of 159846?
4
What is the thousands digit of 5552819?
2
What is the hundreds digit of 440286?
2
What is the thousands digit of 33216?
3
What is the thousands digit of 14464565?
4
What is the tens digit of 2815257?
5
What is the hundreds digit of 10271122?
1
What is the hundreds digit of 404543?
5
What is the hundreds digit of 1890992?
9
What is the thousands digit of 181786?
1
What is the tens digit of 224536?
3
What is the thousands digit of 7505081?
5
What is the hundred thousands digit of 1516459?
5
What is the hundreds digit of 1317181?
1
What is the units digit of 3565552?
2
What is the units digit of 678861?
1
What is the millions digit of 3252932?
3
What is the thousands digit of 25612593?
2
What is the units digit of 20128?
8
What is the ten thousands digit of 516407?
1
What is the ten thousands digit of 3570915?
7
What is the ten thousands digit of 10961061?
6
What is the thousands digit of 128963?
8
What is the ten thousands digit of 44043?
4
What is the hundred thousands digit of 159002?
1
What is the hundred thousands digit of 263367?
2
What is the hundreds digit of 1586984?
9
What is the ten thousands digit of 436184?
3
What is the tens digit of 11408225?
2
What is the tens digit of 72432?
3
What is the thousands digit of 854060?
4
What is the thousands digit of 137539?
7
What is the ten thousands digit of 4983143?
8
What is the units digit of 434302?
2
What is the hundreds digit of 8877067?
0
What is the thousands digit of 3170266?
0
What is the tens digit of 17346490?
9
What is the thousands digit of 5058510?
8
What is the hundred thousands digit of 1279526?
2
What is the hundred thousands digit of 345903?
3
What is the ten thousands digit of 941192?
4
What is the thousands digit of 3147353?
7
What is the units digit of 1431525?
5
What is the thousands digit of 139954?
9
What is the tens digit of 4811929?
2
What is the units digit of 962284?
4
What is the tens digit of 9531553?
5
What is the millions digit of 7553222?
7
What is the ten thousands digit of 407880?
0
What is the hundred thousands digit of 426413?
4
What is the hundred thousands digit of 1361523?
3
What is the hundred thousands digit of 11297864?
2
What is the millions digit of 1598637?
1
What is the hundreds digit of 256869?
8
What is the units digit of 3695824?
4
What is the units digit of 132802?
2
What is the hundreds digit of 7049563?
5
What is the tens digit of 79712?
1
What is the tens digit of 182244?
4
What is the ten thousands digit of 315388?
1
What is the thousands digit of 105307?
5
What is the thousands digit of 4802313?
2
What is the hundred thousands digit of 483250?
4
What is the tens digit of 3699835?
3
What is the millions digit of 1347556?
1
What is the hundreds digit of 8165911?
9
What is the ten thousands digit of 257880?
5
What is the hundred thousands digit of 517717?
5
What is the ten thousands digit of 1098218?
9
What is the thousands digit of 766526?
6
What is the hundreds digit of 673480?
4
What is the hundreds digit of 4671376?
3
What is the hundred thousands digit of 3681773?
6
What is the hundreds digit of 6895415?
4
What is the hundred thousands digit of 795316?
7
What is the thousands digit of 297944?
7
What is the units digit of 11201690?
0
What is the thousands digit of 2130744?
0
What is the hundreds digit of 511763?
7
What is the tens digit of 20045977?
7
What is the hundreds digit of 6952721?
7
What is the hundreds digit of 7150669?
6
What is the tens digit of 126556?
5
What is the hundreds digit of 301629?
6
What is the ten thousands digit of 7898634?
9
What is the units digit of 74358?
8
What is the units digit of 1339274?
4
What is the hundreds digit of 2342531?
5
What is the tens digit of 299831?
3
What is the hundreds digit of 3979612?
6
What is the hundreds digit of 1867202?
2
What is the hundreds digit of 22846706?
7
What is the ten thousands digit of 33938?
3
What is the tens digit of 143700?
0
What is the units digit of 5495638?
8
What is the hundreds digit of 3619782?
7
What is the hundred thousands digit of 160650?
1
What is the hundred thousands digit of 1684534?
6
What is the units digit of 31982?
2
What is the millions digit of 3224942?
3
What is the hundreds digit of 10195?
1
What is the ten thousands digit of 314728?
1
What is the ten thousands digit of 697263?
9
What is the tens digit of 444334?
3
What is the millions digit of 2175213?
2
What is the hundreds digit of 12483113?
1
What is the tens digit of 1502335?
3
What is the hundred thousands digit of 3944637?
9
What is the units digit of 539493?
3
What is the hundreds digit of 181830?
8
What is the thousands digit of 107709?
7
What is the hundred thousands digit of 1855273?
8
What is the thousands digit of 66798?
6
What is the units digit of 4888962?
2
What is the hundreds digit of 151905?
9
What is the thousands digit of 482458?
2
What is the hundred thousands digit of 1860057?
8
What is the ten thousands digit of 782743?
8
What is the tens digit of 2203643?
4
What is the millions digit of 4513144?
4
What is the hundred thousands digit of 6213407?
2
What is the units digit of 6424289?
9
What is the tens digit of 76740?
4
What is the units digit of 697156?
6
What is the thousands digit of 3975438?
5
What is the hundreds digit of 128503?
5
What is the hundreds digit of 15528990?
9
What is the thousands digit of 649303?
9
What is the tens digit of 1208420?
2
What is the ten thousands digit of 8495385?
9
What is the thousands digit of 898998?
8
What is the tens digit of 1550288?
8
What is the ten thousands digit of 4559209?
5
What is the hundreds digit of 16706753?
7
What is the millions digit of 1081392?
1
What is the ten thousands digit of 1412380?
1
What is the ten thousands digit of 7406688?
0
What is the ten thousands digit of 12531280?
3
What is the hundreds digit of 743905?
9
What is the hundred thousands digit of 10010736?
0
What is the hundreds digit of 992960?
9
What is the tens digit of 174920?
2
What is the hundred thousands digit of 216854?
2
What is the hundred thousands digit of 14028970?
0
What is the hundreds digit of 668363?
3
What is the tens digit of 178493?
9
What is the hundred thousands digit of 5352802?
3
What is the hundred thousands digit of 6873467?
8
What is the units digit of 11074814?
4
What is the ten thousands digit of 4559482?
5
What is the ten thousands digit of 6017227?
1
What is the units digit of 7593468?
8
What is the thousands digit of 732015?
2
What is the thousands digit of 10510250?
0
What is the ten thousands digit of 217857?
1
What is the hundreds digit of 87723?
7
What is the units digit of 111164?
4
What is the millions digit of 24242296?
4
What is the hundred thousands digit of 862881?
8
What is the units digit of 8897023?
3
What is the thousands digit of 946178?
6
What is the units digit of 148707?
7
What is the tens digit of 2308499?
9
What is the hundreds digit of 17